*s**2 - 10*s + 9. What are the prime factors of f(d)?
3
Let n be ((-105)/(-9))/((-5)/(-15)). Let x = -30 + n. Suppose z + 205 = x*z + c, -z = -5*c - 46. What are the prime factors of z?
3, 17
Suppose -23 = 3*y - 4*p + 1578, 4*y + 2145 = -5*p. Let b be (-3 + -4 + y)/(-2). Let i = -118 + b. List the prime factors of i.
3, 17
Suppose 58*q + 5508 = 52*q. What are the prime factors of 12/48 + (q/(-8))/1?
5, 23
Let k(h) = 58*h - 159. Let f be k(-10). Let w = f - -1717. List the prime factors of w.
2, 3, 163
Suppose 23*h - 22*h = -d + 5039, 3*d = 0. What are the prime factors of h?
5039
Let f(v) = -37*v - 2. Let a be f(1). Let k = a - -295. What are the prime factors of k?
2
Let h be ((-3)/(-5))/(((-88)/(-40))/11). Suppose 0 = -h*k - 61 + 484. What are the prime factors of k?
3, 47
Suppose 0 = 9*o - 15*o + 24. Suppose -2*t + 13 + o = 5*d, -3*t + 4*d = 9. List the prime factors of 7/((-44)/46 + t).
7, 23
Suppose 88*m - 92*m + 1060 = 4*c, -4*c = -2*m + 518. What are the prime factors of m?
263
Let d = 1701 - 627. What are the prime factors of d?
2, 3, 179
Suppose 4*h - n = 23, -4*n + 6 = -h + 8. Let l be (h - 0)/(18/48). Let w(o) = -o**2 + 24*o - 45. List the prime factors of w(l).
83
Suppose 5252 - 6489 - 28178 = -15*l. What are the prime factors of l?
37, 53
Let q = -81 - -65. What are the prime factors of (-14 - (1 + 1))*588/q?
2, 3, 7
Suppose 17*q + 103189 = 19*q + r, 0 = -2*q + 3*r + 103153. What are the prime factors of q?
2, 5, 7, 11, 67
Let b(r) be the third derivative of 37/6*r**3 + r**2 + 1/12*r**4 + 0*r + 0. What are the prime factors of b(0)?
37
Let h be (500/((-10)/2))/(2/(-5)). Let d be (-3)/((-15)/8) + 100/h. What are the prime factors of 5 - d - (-25 + 0)?
2, 7
Suppose -29243 = 30*n - 137633. List the prime factors of n.
3613
Suppose -9 = 3*r, 25*s - r - 22631 = 23*s. List the prime factors of s.
2, 5657
Let u be -1 + (1 - 2 - 12/(-6)). Let x be -18 - (-3 + 5/2)*u. What are the prime factors of 12/x - -1 - 416/(-3)?
139
Let d(q) = -q**3 - 127*q**2 + 136*q**2 - 7 - 31 - q. What are the prime factors of d(8)?
2, 3
Let h be 29/(7/14*-2). What are the prime factors of (h*5/10)/(1/(-116))?
2, 29
Suppose -2*q = -3*p - 4*q + 12968, -4*q = -2*p + 8672. Suppose -5*v + p = 1696. Let f = v - 338. List the prime factors of f.
2, 47
Let n(s) = -47*s + 39. Let i be n(-3). Let g = i - -18. List the prime factors of g.
2, 3, 11
Suppose o + 42 = 7*o. Let d(w) = 4*w + 9*w + 5*w - 20*w + 8*w**2 - 22 - w**3. List the prime factors of d(o).
13
Let z(o) = -2*o**3 - 37*o**2 - 26. Let k(w) = 6*w**3 + 111*w**2 - w + 78. Let v(j) = 6*k(j) + 17*z(j). What are the prime factors of v(-18)?
2, 229
Let p = -10727 - -19144. What are the prime factors of p?
19, 443
Suppose -f + 0*y = 4*y - 10916, -21868 = -2*f + y. What are the prime factors of f?
2, 3, 911
Suppose -12*k = -17*k - o + 20503, -o + 8200 = 2*k. Suppose 5*r = -871 + k. List the prime factors of r.
2, 17, 19
Suppose -299 = -4*z + h, -2*z + 0*h + 147 = -3*h. Suppose -z*t + 30 = -77*t. Let v = 86 - t. List the prime factors of v.
101
Let o(n) = 19*n**3 - n - 2. Let m(v) = 20*v**3 - v - 3. Suppose -9 = -3*t, 13 = -2*k + t - 0. Let x(z) = k*m(z) + 6*o(z). What are the prime factors of x(2)?
113
Suppose 0 = -57*p - 64045 + 274759 + 56673. List the prime factors of p.
4691
Suppose 0 = -3*n - 5*u + 61737, 4*n - 64955 = -5*u + 17361. What are the prime factors of n?
13, 1583
Suppose -i + 233 = j + 9, 3*j + 423 = 2*i. Let q be (3 + -5)/(2*(-3)/i). Suppose -253 + q = -5*t. List the prime factors of t.
2, 3
Suppose 494*v - 12710982 - 8246474 = 0. What are the prime factors of v?
2, 5303
Suppose 5*q + 3*u = 103939, -q + 0*q - 3*u + 20771 = 0. What are the prime factors of q?
2, 23, 113
Let x = -1690 + 580. Let n = 1615 + x. List the prime factors of n.
5, 101
Let a(d) be the first derivative of -6*d**4 + 2*d**3/3 + d**2/2 + 2*d + 285. Let b(c) = c + 3. Let z be b(-5). What are the prime factors of a(z)?
2, 5
Let f(n) be the third derivative of 19*n**6/90 + n**5/40 - n**4/12 - n**3 - 18*n**2. Let b(g) be the first derivative of f(g). List the prime factors of b(1).
7, 11
Let z(j) = 457*j - 4858. What are the prime factors of z(32)?
2, 19, 257
Let g = 27621 - 1217. List the prime factors of g.
2, 7, 23, 41
Let s(l) = -l**3 + 7*l**2 - 11*l + 1. Let x be s(5). Let w(o) = 11*o - 23 - 21*o + 4. List the prime factors of w(x).
3, 7
List the prime factors of ((-63)/(-126))/(1/20138).
10069
Suppose -m - 3*u = 325, 3*m - u = 4*u - 961. Let q = 679 + m. Suppose -q - 39 = -11*w. What are the prime factors of w?
2, 3
Let w(o) = 155*o**2 - 3*o - 434. What are the prime factors of w(12)?
2, 5, 19, 23
Suppose 3*u - 3 + 13 = -4*n, 4*n + 8 = -4*u. Let z = 7 - u. Suppose 0 = -i + z*m + 58, 2*m = -2*i - 2*m + 144. List the prime factors of i.
2, 17
Let a be (7/(-3))/((-14)/(-1554)). Let t = a - -663. What are the prime factors of t?
2, 101
Suppose -6239 - 19869 = -4*u. List the prime factors of u.
61, 107
Let u = 18 - 13. Let s be (-2920)/(-15)*(12 - 6). Suppose 2*g = -3*f + 700, -u*f = 3*g - g - s. List the prime factors of f.
2, 3, 13
What are the prime factors of ((-15)/(-4)*2)/(377/331006)?
3, 5, 439
Let r = 1687 - 772. Suppose r = 2*z + 5*v, 5*z = 6*v - 9*v + 2297. List the prime factors of z.
2, 5, 23
Suppose -2*y + 3*x = -65, -10*y + 179 = -5*y - 2*x. Suppose -12*s = -y*s + 3725. List the prime factors of s.
149
Let j(i) = 160*i**2 - 8*i - 128. What are the prime factors of j(-6)?
2, 5, 71
Suppose -3 = 3*t + 6. Suppose 1784*z + 20 = 1786*z. What are the prime factors of 308/z + 48/15 + t?
31
Suppose r - 6*n = -9*n + 17, 36 = 4*r - 4*n. Let o(c) = 11*c + 19. Let m(q) = 12*q + 19. Let v(y) = 3*m(y) - 2*o(y). List the prime factors of v(r).
173
Suppose -232*j = -5803391 - 97993. List the prime factors of j.
3, 61, 139
Let u(g) = -g + 52. Let w = -27 - -50. Let s be u(w). Let y = s + 8. List the prime factors of y.
37
Suppose 4*q = -4*o + 32, -2*o - 3*o + 32 = q. List the prime factors of 3/(o/245) + (-6)/(-4).
2, 31
Let o(b) = b**3 - 54*b**2 - 38*b - 718. What are the prime factors of o(67)?
37, 1489
Let s be (-4)/(-12) + (4/6 - 2). Let j be -6 + -10*s/2. What are the prime factors of 2*j*(-21)/(-28)*-4?
2, 3
Let c be (-1 - (-39753)/28) + 2/8. List the prime factors of (0 - (-10)/25)*(-4 + c).
2, 283
Suppose -a = -4*j + 4, -4*a + 3 = 3*j - 7*a. Let w be (-3 - (146 - 3)*-2) + j. Suppose 0*h = -4*h + w. What are the prime factors of h?
71
Suppose -22*t - 6853 = -33*t. Let s = t - 290. List the prime factors of s.
3, 37
Suppose -6*v = -305 + 281. Suppose v*m = -5*x + 1949, 0*x - 2*m = -3*x + 1165. List the prime factors of x.
389
Let m(o) = -4*o**2 + o + 1. Let y be m(-3). Suppose 3*b + 5*n = -370, -3*n - 372 = 4*b - b. Let s = y - b. What are the prime factors of s?
3, 29
Suppose -k = -8*k - 8*k + 1088565. What are the prime factors of k?
31, 2341
Suppose 274*b - 778998 = 153*b. List the prime factors of b.
2, 3, 29, 37
Let o(v) = 2017*v + 232. List the prime factors of o(42).
2, 42473
Let v(o) = -4*o - 5. Let j(p) = p + 1. Let g = 55 + -60. Let c be j(g). List the prime factors of v(c).
11
Let h(p) = 60*p**2 + 8*p + 2. Let d be h(-5). Let m = d + -937. What are the prime factors of m?
3, 5, 7
Suppose -13*k + 18374 = -2153. Suppose -9*b = -k - 1589. What are the prime factors of b?
2, 11
Suppose -3*z - 888 = -0*z + 3*u, -2*u = -5*z - 1480. Suppose -296 + 1136 = -4*x. Let v = x - z. List the prime factors of v.
2, 43
Let s = 1244 - 186. What are the prime factors of s/11 + 10/(-55)?
2, 3
Let w(h) = h**3 - 41*h**2 + 3*h - 120. Let a be w(41). Suppose a*m - 24 = q, 5*q + 15 = -m + 7. What are the prime factors of m?
7
Let d(w) = 235*w - 23. Let x(j) = 117*j - 11. Let g(v) = -9*v**3 - v**2 - v - 2. Let m be g(-1). Let c(l) = m*x(l) - 3*d(l). What are the prime factors of c(2)?
2, 5, 11
Let o = 279 - 159. Suppose 5*u - 4*p + 3*p - 630 = 0, -o = -u - p. What are the prime factors of u?
5
Let d = 26 - -47. Let j = 78 - d. Suppose -f + 102 = -j*x, -4*f + 0*f + x = -370. What are the prime factors of f?
2, 23
Suppose 1577775 + 430265 = 68*p. List the prime factors of p.
2, 5, 2953
Suppose 0 = -v + 31 - 63. Let x = -28 - v. Suppose 38 = 4*z - 5*y - 426, x*y - 16 = 0. What are the prime factors of z?
11
Let f(y) = -9*y + 89. Suppose q - 4*n =